uppose 0 = y*t + t - 195. Suppose -v = -5*f + t, -v + 52 = 4*f - 4*v. What is the units digit of f?
3
Suppose -6*m + 684 = 3*m. What is the tens digit of m?
7
Let w = 177 + -111. Suppose -8 - w = -2*q. What is the units digit of q?
7
Suppose 3*d + 2 - 8 = 0. Suppose -d*j + 27 = j. What is the units digit of j?
9
Let h(g) = 2*g + 10. What is the units digit of h(5)?
0
Let j = -5 + 7. Suppose -10 - 16 = -j*u. Let i = u - 5. What is the units digit of i?
8
Let w(d) = 4*d**2 + d + 1. Let o be -1 - (-2)/(-6)*0. Let h be (-2 + 3)*o - 0. What is the units digit of w(h)?
4
Suppose -l - 14 = -3*l - 3*j, 4 = 2*j. Suppose -o - l*o + 119 = 2*s, -4*o - 2*s + 96 = 0. What is the tens digit of o?
2
Let b(a) = -a**2 + 3*a - 2. Let o be b(2). Let p(w) = 4*w**2 + 4*w - 1. Let y(r) = -5*r**2 - 5*r. Let v(u) = -6*p(u) - 5*y(u). What is the units digit of v(o)?
6
Let p = -41 + 80. What is the tens digit of p?
3
Let y(k) = -k + 12. Let i be y(0). What is the tens digit of i/(-15)*3*-5?
1
Let s be -2*2*(3 - 6). Suppose 0 = 2*d - 5*d + s. Suppose 0 = -2*u + u + d. What is the units digit of u?
4
Suppose -7*v + 8 = -5*v. Suppose -i + 3*n = -19, n = -5*i + v*n + 71. What is the units digit of i?
3
Let x be 34/(-5)*35/(-14). Suppose 5*c - 4*g - 36 = 0, 5*g + x + 7 = c. Suppose -c*j = -s - 26, j - 3 = s + s. What is the units digit of j?
7
Suppose -2*g - r = -311, 97 + 64 = g - 5*r. What is the tens digit of g?
5
Suppose 2*y - 6 = -2. Suppose y*u - 9 = 3. Suppose -u = -3*r + 2*r. What is the units digit of r?
6
Let z = -18 + 18. Suppose x - 4 - 2 = z. What is the units digit of x?
6
Let v(u) = -4*u + 1. Let f be v(-1). Suppose m + 0 = 2*q - 2, 5*q - f*m - 5 = 0. What is the units digit of q?
1
What is the units digit of (-532)/7*3/(-12)?
9
Let r(c) = c + 4. What is the units digit of r(-3)?
1
Let t(f) = 2*f**2 - 10*f + 5. What is the units digit of t(13)?
3
Let x(c) = -3*c. Let t be x(-2). Let s = t - -2. Suppose 0*z - 4*z + s = 0. What is the units digit of z?
2
Let a be (4*-2)/(2/(-1)). Let u be ((-4)/(-3) + -2)*-3. Let m = a - u. What is the units digit of m?
2
Let p(b) = -2*b - 10. Let q = 8 - 15. What is the units digit of p(q)?
4
Suppose -4*r = -2*r - 434. What is the units digit of r?
7
Suppose 87 = 3*p + 3*u, 61 = 2*p - 2*u + 5*u. Let g = -14 + p. Suppose -y - 5*m = -16, 3*y + 2*m - g = -3. What is the units digit of y?
1
Let x = 116 - 49. Let k = -25 + x. What is the tens digit of k?
4
Suppose 4*o - 4*h - 16 = 0, -2*h + 0*h - 12 = 2*o. Let c be ((-2)/4)/(1/44). What is the tens digit of ((-1)/(-2))/(o/c)?
1
Let r(l) = -l + 7. What is the units digit of r(6)?
1
Suppose -760 = -5*i - 5*j, j = -2*i + 151 + 156. What is the tens digit of i?
5
Let z(p) = p**3 - 8*p**2 + p + 4. Let d be z(8). Suppose -d - 4 = -2*g. What is the units digit of g?
8
Suppose -5*x + 739 = -0*m + 3*m, x + 4*m - 141 = 0. What is the hundreds digit of x?
1
Suppose 8*j - 13*j = 5. Let p = 43 + j. What is the tens digit of p?
4
Suppose k + 3*a = 284, 1120 = -3*k + 7*k - 4*a. What is the units digit of k?
1
What is the tens digit of ((-36)/14)/((-30)/280)?
2
Suppose 0 = -5*j + 83 + 57. What is the units digit of j?
8
What is the tens digit of (-273)/(-12) - (-1)/4?
2
Suppose 4*u - 10 - 37 = -y, -5*u + 49 = -2*y. Suppose -u + 75 = 4*r. What is the tens digit of r?
1
Suppose 5*b - 7*b = -204. What is the units digit of b?
2
Suppose 3*q + 5*x = 189, 2*x + 3*x = q - 43. Let b be (-7 + 13)*(-4)/(-6). Suppose 6 = 3*s, -b*j + s + 0*s + q = 0. What is the units digit of j?
5
Suppose -85 = -s + 6. What is the tens digit of s?
9
Suppose 3*x - 3 = 4*i + 17, x = -4*i - 4. Suppose -3*d + 1 + 5 = 0. Suppose -c + d*q + 65 = x*c, 0 = -3*c + q + 39. What is the units digit of c?
3
Suppose 5*l - 35 = 5*f, -l + 2 - 1 = f. What is the units digit of l?
4
Suppose -5*k = 3*y - 274 - 669, 0 = -4*y + 5*k + 1304. What is the hundreds digit of y?
3
Let m = 8 - 8. Suppose 4*z - 12 = -m. Suppose -2*t - 2*t + 51 = 3*u, -2*t = z*u - 21. What is the tens digit of t?
1
Suppose v + 31 = -4*r + 79, 10 = 5*r. Suppose 2*g = -2*g + v. Suppose g = 2*q - 4. What is the units digit of q?
7
Let x = 14 - 23. Let b = 2 + x. Let s(y) = -2*y - 8. What is the units digit of s(b)?
6
Suppose 0*z + 3*q = -2*z, -3*q = -z + 9. Let y be ((-81)/6)/z*6. What is the units digit of 1*y/(-3) - 2?
7
Let r(k) be the third derivative of 2*k**5/15 - k**4/24 + k**3/6 - 2*k**2. Let m be r(1). Let o(y) = -y + 11. What is the units digit of o(m)?
3
Suppose -r + 4 = f, -5*r + f + 44 - 6 = 0. What is the units digit of (-312)/(-14) - 2/r?
2
Let l(q) = 11*q**2 - 17*q + 13. What is the hundreds digit of l(6)?
3
Suppose -5*q + 4*q = 0. Let d(x) = q*x - 2*x - 2 + 3 + 2*x**2 + 1. What is the units digit of d(2)?
6
Suppose 4*a - 54 + 14 = 0. Suppose -2*m = -d + a, 4*m + 22 = 5*d - 2*d. What is the units digit of (d/(-3))/((-2)/15)?
5
Suppose -16*u = -20*u + 144. What is the tens digit of u?
3
Let v(t) = -t + 7. Let i be v(5). Suppose 0 = i*p - 5 - 1. Suppose -2*j + 5 = f, -2*j - 3*j - p*f = -12. What is the units digit of j?
3
Let h = -22 - -45. What is the units digit of h?
3
Suppose 19 = -3*j + 100. What is the tens digit of j?
2
Let q = 31 + -14. Let d = q - 9. What is the units digit of d?
8
Suppose 2*t = a - 2*t - 47, -5*a + 163 = 4*t. What is the units digit of a?
5
Let v be (0 - 1) + 4*-1. What is the units digit of -33*(v - (-2 + -2))?
3
Suppose 5*a - 423 = 472. What is the tens digit of a?
7
What is the hundreds digit of 1*87/12*16?
1
Suppose -2*s = 3*a - 17, 0*s + 2*a - 2 = s. Suppose -7*h + 2*h - 186 = -4*c, 3*c = -s*h + 124. Suppose -z + 5*z = c. What is the tens digit of z?
1
Let l be -4 + 2 + -5 - 2. Let f be (6/l)/((-3)/(-54)). What is the units digit of 3/f - (-27)/12?
2
Let r(n) = -n**2 + 6*n**2 - n**3 - 4 - 9*n - n**2 + 5*n**2. Let c be r(8). What is the units digit of (-32)/c - (-4)/(-6)?
2
Suppose 5*o = -5*n - 45, n + 8 + 10 = -4*o. Suppose t + 9*m + 19 = 4*m, -2*t + m - 5 = 0. What is the units digit of t - n - 1/(-1)?
3
Let a(i) = -i**3 + 4*i**2 - 3*i + 2*i**3 + 0*i**3 - 3. Let q be a(-4). Let u = q + -5. What is the units digit of u?
4
Suppose 9 = 2*h - 29. Let g = -13 + h. What is the units digit of g?
6
Let u(o) be the second derivative of 5/6*o**3 - 2*o + 0 - 1/2*o**4 - o**2 - 1/20*o**5. What is the units digit of u(-7)?
2
Let z(j) = -j - 6. Let r(k) = -k**3 - 2*k + 1. Let v be r(2). What is the units digit of z(v)?
5
Suppose -11 - 1 = 3*j. Let d = 8 - 1. Let q = j + d. What is the units digit of q?
3
Let y = 7 + -1. Suppose 0 = n + 5*t + y, 4*t - 40 = -0*n - 4*n. What is the tens digit of n?
1
Suppose 8 = r + 3*r. What is the units digit of r?
2
Suppose 2*n + 3*p - 135 - 130 = 0, 268 = 2*n + 2*p. What is the units digit of n?
7
Let l = 7 + 2. Let h(m) = m**3 - 8*m**2 - 10*m + 9. Let y be h(l). Suppose 3*n - 8 - 4 = y. What is the units digit of n?
4
Let m(v) = v**2 - 6*v + 5. Let c be m(6). Let u(z) = 7*z - 4. What is the tens digit of u(c)?
3
Let m(x) = -3*x**2 + 44*x - 6. What is the units digit of m(6)?
0
Let m be 3/(-1 + 5/2). Suppose -4 = 4*u, -c + 17 = m*c + 4*u. Suppose 60 = 5*p - 4*f + c*f, 0 = 3*p + 5*f - 52. What is the units digit of p?
9
Let p(y) = y**3 - 15*y**2 + y. Let d be p(15). What is the tens digit of ((-318)/d)/(12/(-30))?
5
Let q(p) = p**3 - 4*p**2 + p - 9. What is the units digit of q(6)?
9
Let y(x) = 2*x + 6. Let p be y(-8). Let b = p - -45. What is the units digit of b?
5
Let h = -10 - -3. Let m = h - -9. What is the units digit of m?
2
Let r(x) be the first derivative of x**3 - 2*x**2 - x - 2. What is the tens digit of r(3)?
1
Suppose z + 4 = 2*z. Suppose -2*v = z - 28. Suppose 2*b + 5*d - v = 0, -2*b + 28 = -2*d - d. What is the units digit of b?
1
Let k(w) = 60*w**2 - 1. What is the tens digit of k(-1)?
5
Suppose y + 132 = 4*y. Let m = -20 + y. Let s = m + -14. What is the tens digit of s?
1
Let j(n) = n + 7. Let h be j(-3). Suppose 3*a + 0*c - 18 = -2*c, -h*c = -2*a + 28. Let o(r) = -r**3 + 9*r**2 - 6*r - 7. What is the units digit of o(a)?
9
Let a = 29 + -17. Let l = -7 + a. Suppose -5*c + 35 = l*t, 7*t - 2*t - 30 = -4*c. What is the units digit of c?
5
Suppose -p = -2*b + 4*p - 15, -5*p + 15 = 5*b. Suppose -3*d + 6*d - 72 = b. What is the units digit of d?
4
What is the tens digit of ((-4)/(-12))/((-2)/4)